e 5, what is 2133444 + 2312?
2141311
In base 5, what is -142402 + 334?
-142013
In base 8, what is 3477 - -67135?
72634
In base 6, what is 13535 - 212023?
-154044
In base 15, what is -b174b + -3?
-b174e
In base 3, what is 111012012 - -101122?
111120211
In base 10, what is 270 - 852061?
-851791
In base 7, what is 325110 + 34?
325144
In base 16, what is -681f76 + -5?
-681f7b
In base 7, what is 3623 - -2101561?
2105514
In base 12, what is 142 + -29b00a?
-29aa88
In base 10, what is -22 - -1441937?
1441915
In base 4, what is 22020310 - -1223?
22022133
In base 15, what is -4883acb6 - 0?
-4883acb6
In base 4, what is -23130 + 203223302?
203200112
In base 13, what is -89bb91 + -11?
-89bba2
In base 7, what is -161 - 1500243?
-1500434
In base 7, what is -50 - -211660162?
211660112
In base 3, what is -1202012 + 1112100212?
1110121200
In base 10, what is -8046566 - -2?
-8046564
In base 6, what is -110 - -21031124?
21031014
In base 7, what is 4655 + 55235?
63223
In base 7, what is -10053 + -266460?
-306543
In base 9, what is -346 + 1005008?
1004552
In base 7, what is 4 - -646162301?
646162305
In base 4, what is -222202102310 + -3?
-222202102313
In base 8, what is -157373 - -7?
-157364
In base 16, what is -afd + -118d?
-1c8a
In base 2, what is 1 - 1010010101000101110100?
-1010010101000101110011
In base 3, what is 1101112 - -100100200122?
100102002011
In base 12, what is -1005 + 166860?
165857
In base 9, what is 5 - 34072640?
-34072634
In base 8, what is 13016665 + -1?
13016664
In base 3, what is 20 - 10020101202120?
-10020101202100
In base 8, what is 250052212 - -1?
250052213
In base 12, what is 1a - -184a8?
18506
In base 11, what is -4 + 11634902?
116348a9
In base 14, what is 4dac88c + 2?
4dac890
In base 8, what is -22324632 - -23?
-22324607
In base 12, what is -174930 - 134?
-174a64
In base 11, what is 809 - -151687?
152395
In base 13, what is 2268c075 - 5?
2268c070
In base 11, what is 591172 - 44?
591129
In base 9, what is 31352 + -3413?
26838
In base 4, what is 2 + -2001102100022?
-2001102100020
In base 15, what is c9c9b9 - -7?
c9c9c1
In base 13, what is -1 - -100672c6?
100672c5
In base 5, what is 22230103211 + 1?
22230103212
In base 12, what is -4803 - 2707?
-730a
In base 2, what is 1101101111111110001011110101 - -10?
1101101111111110001011110111
In base 2, what is 111101101111111101001101100000 - -1?
111101101111111101001101100001
In base 11, what is -7267 - -1428?
-593a
In base 8, what is -537 + -21530?
-22267
In base 10, what is -627 + -936341?
-936968
In base 15, what is -1434c9 - -2?
-1434c7
In base 15, what is 65 - -b5bd1?
b5c46
In base 10, what is -989 - 7516?
-8505
In base 16, what is 48d3 + -15b?
4778
In base 3, what is 22 + 11012002010012?
11012002010111
In base 9, what is 24581067 - -16?
24581084
In base 4, what is -1232030211 - -20223?
-1232003322
In base 6, what is -11021305440 + 5?
-11021305431
In base 11, what is 1623a07 + -234?
1623783
In base 14, what is 29d9 + 201?
2bda
In base 8, what is -1134310 - 15?
-1134325
In base 9, what is 3206448 - -37?
3206486
In base 4, what is -22001002 + 3?
-22000333
In base 13, what is -1 + -cc8ac?
-cc8b0
In base 7, what is -24425 - -233261?
205533
In base 2, what is -10 + -1101001001001101000?
-1101001001001101010
In base 6, what is -12 + -242204401?
-242204413
In base 12, what is -7 + -16226882?
-16226889
In base 3, what is -122022020110220021 - 1?
-122022020110220022
In base 13, what is cb1 + 109c?
2080
In base 12, what is -1510518 + 2?
-1510516
In base 7, what is 523563 + -1426?
522134
In base 10, what is -386003 + -5?
-386008
In base 5, what is 30201 + -4002431?
-3422230
In base 16, what is -4 + -a8caf6?
-a8cafa
In base 8, what is 51331 - 175?
51134
In base 15, what is -66 + a10dd?
a1077
In base 2, what is 1100101010101001011011 - -100?
1100101010101001011111
In base 13, what is -1a - 761368?
-761385
In base 5, what is 121121014 - 113?
121120401
In base 3, what is 11012120111101122 + -1?
11012120111101121
In base 14, what is -4 + a240a3?
a2409d
In base 7, what is 1656136 - 2201?
1653635
In base 13, what is -228 + -72830?
-72a58
In base 16, what is -196f03 - 177?
-19707a
In base 15, what is 4079c9 + 1?
4079ca
In base 13, what is 26 + 295913?
295939
In base 11, what is -494663 + 6?
-494658
In base 3, what is -110101 - -11002001121?
11001121020
In base 5, what is 23240 + -34241431?
-34213141
In base 15, what is -67e89e8 - -2?
-67e89e6
In base 4, what is 100013232 + -131133?
33222033
In base 9, what is 24 - 74083?
-74058
In base 11, what is -5 - -103416467?
103416462
In base 4, what is -101130 + 323121120?
323013330
In base 7, what is 1 - 2422634044?
-2422634043
In base 5, what is -1100441 + -1203?
-1102144
In base 9, what is 252833642 + -2?
252833640
In base 13, what is -35b17 + 1148?
-3499c
In base 9, what is -114085632 + -5?
-114085637
In base 3, what is -21221112122020 - -2?
-21221112122011
In base 5, what is -2232423322234 - -10?
-2232423322224
In base 10, what is -477134 + -15?
-477149
In base 12, what is 1258 + 8467a?
85916
In base 15, what is -2 - -87a84?
87a82
In base 15, what is 5 + -50855?
-50850
In base 2, what is -10000001001001001011001001 - 100?
-10000001001001001011001101
In base 8, what is 424 + -26251?
-25625
In base 2, what is 1000101 - 1011110111111000000?
-1011110111101111011
In base 8, what is 1 - 17554564?
-17554563
In base 7, what is 43022 - 2110?
40612
In base 12, what is 1362949b + -2?
13629499
In base 11, what is -44763 + -14033?
-58796
In base 11, what is 125196849 + 2?
125196850
In base 4, what is 3113320322222 - -3?
3113320322231
In base 9, what is -3 + 72610280?
72610276
In base 4, what is -10122 - -2231110?
2220322
In base 9, what is -230 - -1114864?
1114634
In base 10, what is 1700 + 780?
2480
In base 14, what is c98 + 18bc?
2776
In base 11, what is 236 + -a9466?
-a9230
In base 14, what is -2 - 25481d7?
-25481d9
In base 4, what is -3132 + 11110313011?
11110303213
In base 2, what is 1101110100 + 1101101110110000?
1101111100100100
In base 12, what is -15b4b77 - -107?
-15b4a70
In base 10, what is 184 - -1685928?
1686112
In base 9, what is 3031127 - -1?
3031128
In base 11, what is -3 + -a33a492?
-a33a495
In base 2, what is 1011101010000001001010010 - -10?
1011101010000001001010100
In base 9, what is -1657 + -3468?
-5236
In base 15, what is 26daa7dc + 3?
26daa7e0
In base 4, what is -110201 + -2331220?
-3102021
In base 2, what is 10000011000011110 + -111000010?
10000010001011100
In base 8, what is 102513 - 566?
101725
In base 5, what is -212403214001 - -4?
-212403213442
In base 16, what is -18 - 6d6f6?
-6d70e
In base 9, what is -104 - 1232661?
-1232765
In base 16, what is -2 + -38e9b?
-38e9d
In base 14, what is -2392354b + -5?
-23923552
In base 7, what is -1245401 + 10166?
-1235202
In base 15, what is 1c87ed + 0?
1c87ed
In base 6, what is -14 + -542513235?
-542513253
In base 13, what is 30bb + 42271?
4535c
In base 16, what is 5 + 388bfdb?
388bfe0
In base 12, what is 324 - -b29?
1251
In base 5, what is -13 + 30041144?
30041131
In base 7, what is -2505063 + 313?
-2504450
In base 16, what is -3896097c + 3?
-38960979
In base 14, what is 1a + 4742a?
47446
In base 12, what is -4552 - 53b1?
-9943
In base 10, what is 142 - 538203?
-538061
In base 3, what is -2002010202 - 101101?
-2002112010
In base 16, what is -42bcc - 3f7?
-42fc3
In base 10, what is 4086221 + 11?
4086232
In base 12, what is -12630085 + 1?
-12630084
In base 16, what is 97110 - 2?
9710e
In base 5, what is -2131 + 12431123?
12423442
In base 11, what is -14a093 - 213?
-14a2a6
In base 7, what is -216263263 - -2?
-216263261
In base 15, what is -16d51 + 59?
-16ce7
In base 16, what is -69 - -3370?
3307
In base 11, what is -187803 + -a7?
-1878aa
In base 12, what is -735 + -2717?
-3250
In base 10, what is -45516 + -9?
-45525
In base 3, what is 0 - -2210120011111210?
2210120011111210
In base 13, what is 4 + 53b498?
53b49c
In base 2, what is -111 + -101001101011011000101?
-101001101011011001100
In base 6, what is -401 + 14355?
13554
In base 16, what is -bab9492 + 5?
-bab948d
In base 8, what is 1315 - -73376?
74713
In base 6, what is 1150311 - -312?
1151023
In base 10, what is -6 + -1576779?
-1576785
In base 12, what is 4 + 11376528?
11376530
In base 6, what is -1002234315343 + -3?
-1002234315350
In base 3, what is -2 - 101021